{"id":258,"date":"2023-09-13T19:51:05","date_gmt":"2023-09-13T19:51:05","guid":{"rendered":"https:\/\/greeninternationalbusiness.com\/?page_id=258"},"modified":"2023-09-22T10:13:05","modified_gmt":"2023-09-22T10:13:05","slug":"service","status":"publish","type":"page","link":"https:\/\/greeninternationalbusiness.dz\/index.php\/service\/","title":{"rendered":"SERVICE"},"content":{"rendered":"\t\t<div data-elementor-type=\"wp-page\" data-elementor-id=\"258\" class=\"elementor elementor-258\">\n\t\t\t\t<div class=\"elementor-element elementor-element-07d88af e-flex e-con-boxed e-con e-parent\" data-id=\"07d88af\" data-element_type=\"container\" data-e-type=\"container\">\n\t\t\t\t\t<div class=\"e-con-inner\">\n\t\t\t\t<div class=\"elementor-element elementor-element-4ce1c12 elementor-widget elementor-widget-heading\" data-id=\"4ce1c12\" data-element_type=\"widget\" data-e-type=\"widget\" data-widget_type=\"heading.default\">\n\t\t\t\t\t<h2 class=\"elementor-heading-title elementor-size-default\">GREEN INTERNATIONAL BUSINESS<\/h2>\t\t\t\t<\/div>\n\t\t\t\t\t<\/div>\n\t\t\t\t<\/div>\n\t\t<div class=\"elementor-element elementor-element-f47b19e e-con-full e-flex e-con e-parent\" data-id=\"f47b19e\" data-element_type=\"container\" data-e-type=\"container\">\n\t\t\t\t<div class=\"elementor-element elementor-element-31aa9a9 elementor-widget elementor-widget-text-editor\" data-id=\"31aa9a9\" data-element_type=\"widget\" data-e-type=\"widget\" data-widget_type=\"text-editor.default\">\n\t\t\t\t\t\t\t\t\t<div class=\"sc-hTBuwn dsMSbW\" dir=\"ltr\"><div id=\"main-scroll\" class=\"ScrollAreaViewport\" data-radix-scroll-area-viewport=\"\"><div class=\"sc-cabOPr sc-iAEawV cVdCvb lhTdvx\"><div class=\"sc-cabOPr sc-iOeugr cVdCvb dHDFLE\"><div id=\"message-cell-01HAAWBZQTYRANNW5WV1EJGFPK\" class=\"sc-cabOPr sc-iAEawV cVdCvb lhTdvx\"><div class=\"sc-cabOPr sc-iTFTee cVdCvb HEJxz\"><h3><span style=\"color: #000000;\"><b>1. Acc\u00e8s aux Produits Alg\u00e9riens de Qualit\u00e9<\/b><\/span><\/h3><p>Green International Business est fier de repr\u00e9senter une s\u00e9lection diversifi\u00e9e de produits alg\u00e9riens de haute qualit\u00e9 couvrant diff\u00e9rents secteurs. Que vous soyez \u00e0 la recherche de produits alimentaires, de textiles, de produits chimiques ou d&rsquo;autres cat\u00e9gories, nous avons une gamme de produits authentiques et comp\u00e9titifs \u00e0 vous offrir.<\/p><h3><strong>2. Recherche de Produits et de Fournisseurs<\/strong><\/h3><p>Notre \u00e9quipe exp\u00e9riment\u00e9e vous aide \u00e0 trouver les produits et les fournisseurs qui correspondent le mieux \u00e0 vos besoins sp\u00e9cifiques. Nous effectuons des recherches approfondies, \u00e9valuons les entreprises et les produits, et veillons \u00e0 ce que vous ayez acc\u00e8s aux meilleures opportunit\u00e9s de partenariats commerciaux en Alg\u00e9rie.<\/p><h3><b>3. Gestion des Commandes et de la Logistique<\/b><\/h3><p>Nous assurons la gestion compl\u00e8te de la cha\u00eene d&rsquo;approvisionnement, incluant la gestion des commandes, la logistique, le transport et les formalit\u00e9s douani\u00e8res. Avec notre bureau de commissionnaire en douanes et de transport op\u00e9rant depuis plus de 10 ans, nous pouvons garantir une livraison fluide et ponctuelle de vos produits, que ce soit en petites ou grandes\u00a0quantit\u00e9s.<\/p><h3><b>4. Accompagnement Juridique et R\u00e9glementaire<\/b><\/h3><p>Naviguer dans les r\u00e9glementations et les lois commerciales internationales peut \u00eatre complexe. Nous vous accompagnons \u00e0 chaque \u00e9tape du processus, en vous fournissant des conseils juridiques et une assistance pour vous assurer de respecter toutes les exigences l\u00e9gales et r\u00e9glementaires lors de l&rsquo;importation de produits alg\u00e9riens.<\/p><h3><b>5. Contr\u00f4le de la Qualit\u00e9 et de la Conformit\u00e9<\/b><\/h3><p>Nous effectuons des contr\u00f4les de qualit\u00e9 rigoureux pour garantir que les produits que vous importez r\u00e9pondent \u00e0 vos sp\u00e9cifications et aux normes internationales requises. Notre objectif est de vous offrir des produits conformes et de haute qualit\u00e9 pour satisfaire les attentes de vos clients.<\/p><p>Green International Business est d\u00e9termin\u00e9 \u00e0 \u00e9tablir des partenariats solides et durables avec les importateurs internationaux. Nous sommes votre passerelle vers des produits alg\u00e9riens de qualit\u00e9 et nous nous engageons \u00e0 surpasser vos attentes en termes de fiabilit\u00e9, de service client et de satisfaction globale.<\/p><p>Contactez-nous d\u00e8s aujourd&rsquo;hui pour discuter de vos besoins sp\u00e9cifiques en mati\u00e8re d&rsquo;importation et d\u00e9couvrez comment nous pouvons contribuer \u00e0 renforcer votre activit\u00e9 gr\u00e2ce \u00e0 des produits alg\u00e9riens exceptionnels.<\/p><p>#GreenInternationalBusiness\u00a0<\/p><\/div><\/div><\/div><\/div><div class=\"sc-bcXHqe sc-hLBbgP sc-eDvSVe keuuKH etQEgJ hKQPaV spacer\">\u00a0<\/div><\/div><\/div><div class=\"sc-bcXHqe sc-hLBbgP sc-eDvSVe fYjpZz etQEgJ hKQPaV\"><div class=\"sc-cabOPr sc-iTFTee cVdCvb HEJxz\" aria-expanded=\"false\"><div class=\"sc-bcXHqe sc-hLBbgP sc-eDvSVe iJOPyi etQEgJ hKQPaV\"><div class=\"sc-cabOPr sc-iTFTee cVdCvb HEJxz\">\u00a0<\/div><\/div><\/div><\/div>\t\t\t\t\t\t\t\t<\/div>\n\t\t\t\t<\/div>\n\t\t<div class=\"elementor-element elementor-element-60866d5 e-flex e-con-boxed e-con e-parent\" data-id=\"60866d5\" data-element_type=\"container\" data-e-type=\"container\">\n\t\t\t\t\t<div class=\"e-con-inner\">\n\t\t\t\t\t<\/div>\n\t\t\t\t<\/div>\n\t\t<div class=\"elementor-element elementor-element-69f8024f e-flex e-con-boxed e-con e-parent\" data-id=\"69f8024f\" data-element_type=\"container\" data-e-type=\"container\" data-settings=\"{&quot;background_background&quot;:&quot;classic&quot;}\">\n\t\t\t\t\t<div class=\"e-con-inner\">\n\t\t<div class=\"elementor-element elementor-element-471e84cd e-flex e-con-boxed e-con e-child\" data-id=\"471e84cd\" data-element_type=\"container\" data-e-type=\"container\">\n\t\t\t\t\t<div class=\"e-con-inner\">\n\t\t\t\t<div class=\"elementor-element elementor-element-42b42674 animated-slow elementor-invisible elementor-widget elementor-widget-heading\" data-id=\"42b42674\" data-element_type=\"widget\" data-e-type=\"widget\" data-settings=\"{&quot;_animation&quot;:&quot;rotateIn&quot;}\" data-widget_type=\"heading.default\">\n\t\t\t\t\t<h2 class=\"elementor-heading-title elementor-size-default\">MISSION PRINCIPALE <\/h2>\t\t\t\t<\/div>\n\t\t\t\t\t<\/div>\n\t\t\t\t<\/div>\n\t\t<div class=\"elementor-element elementor-element-4bb9ef2c e-con-full e-flex e-con e-child\" data-id=\"4bb9ef2c\" data-element_type=\"container\" data-e-type=\"container\">\n\t\t<div class=\"elementor-element elementor-element-6560d225 e-con-full e-flex e-con e-child\" data-id=\"6560d225\" data-element_type=\"container\" data-e-type=\"container\">\n\t\t\t\t<div class=\"elementor-element elementor-element-3117e706 elementor-invisible elementor-widget elementor-widget-heading\" data-id=\"3117e706\" data-element_type=\"widget\" data-e-type=\"widget\" data-settings=\"{&quot;_animation&quot;:&quot;fadeInDown&quot;}\" data-widget_type=\"heading.default\">\n\t\t\t\t\t<h6 class=\"elementor-heading-title elementor-size-default\">trading<\/h6>\t\t\t\t<\/div>\n\t\t\t\t<div class=\"elementor-element elementor-element-8b75b13 elementor-position-top elementor-widget elementor-widget-image-box\" data-id=\"8b75b13\" data-element_type=\"widget\" data-e-type=\"widget\" data-widget_type=\"image-box.default\">\n\t\t\t\t\t<div class=\"elementor-image-box-wrapper\"><figure class=\"elementor-image-box-img\"><img fetchpriority=\"high\" decoding=\"async\" width=\"300\" height=\"224\" src=\"https:\/\/greeninternationalbusiness.dz\/wp-content\/uploads\/2023\/09\/8-Societe-de-trading-offshore-1-300x224-1.jpg\" class=\"attachment-medium size-medium wp-image-272\" alt=\"\" \/><\/figure><div class=\"elementor-image-box-content\"><h6 class=\"elementor-image-box-title\">Exploration des opportunit\u00e9s d'importation<\/h6><p class=\"elementor-image-box-description\">GREEN INTERNATIONAL BUSINESS\net une soci\u00e9t\u00e9 de Trading facilite efficacement le commerce entre entreprises et organisations. Leurs solutions sur mesure comprennent gestion de cha\u00eene d'approvisionnement, conformit\u00e9 juridique, analyse des risques et \u00e9tudes de march\u00e9. Les \u00e9quipes d'exportation et de logistique g\u00e8rent le transport et la livraison de marchandises, tandis que les services de n\u00e9gociation s\u00e9curisent des accords favorables pour les clients. La soci\u00e9t\u00e9 maintient la transparence, le professionnalisme et l'int\u00e9grit\u00e9 dans toutes ses transactions, faisant d'elle un partenaire fiable pour les entreprises souhaitant \u00e9tendre leur port\u00e9e. <\/p><\/div><\/div>\t\t\t\t<\/div>\n\t\t\t\t<\/div>\n\t\t<div class=\"elementor-element elementor-element-29489f4 e-con-full e-flex e-con e-child\" data-id=\"29489f4\" data-element_type=\"container\" data-e-type=\"container\">\n\t\t\t\t<div class=\"elementor-element elementor-element-247be646 elementor-widget elementor-widget-heading\" data-id=\"247be646\" data-element_type=\"widget\" data-e-type=\"widget\" data-widget_type=\"heading.default\">\n\t\t\t\t\t<h3 class=\"elementor-heading-title elementor-size-default\">produit algerien<\/h3>\t\t\t\t<\/div>\n\t\t\t\t<div class=\"elementor-element elementor-element-1e80a150 elementor-position-top elementor-widget elementor-widget-image-box\" data-id=\"1e80a150\" data-element_type=\"widget\" data-e-type=\"widget\" data-widget_type=\"image-box.default\">\n\t\t\t\t\t<div class=\"elementor-image-box-wrapper\"><figure class=\"elementor-image-box-img\"><img decoding=\"async\" width=\"282\" height=\"211\" src=\"https:\/\/greeninternationalbusiness.dz\/wp-content\/uploads\/2023\/09\/made-in-algeria-1.jpg\" class=\"attachment-medium size-medium wp-image-275\" alt=\"\" \/><\/figure><div class=\"elementor-image-box-content\"><h3 class=\"elementor-image-box-title\">DZ<\/h3><p class=\"elementor-image-box-description\">L'Alg\u00e9rie exporte divers produits non p\u00e9troliers tr\u00e8s demand\u00e9s, tels que les dattes, les agrumes, l'huile d'olive, les fruits de mer,  le cuir, les peaux, le minerai de fer et les produits alimentaires. les produit de construction <br> Les dattes, les agrumes, l'huile d'olive et les fruits de mer du pays sont export\u00e9s vers de nombreux pays, en particulier l'Europe, en raison de leur qualit\u00e9 et de leur go\u00fbt, ainsi que les produits agricoles, le cuir et le minerai de fer utilis\u00e9s dans la production d'acier. La comp\u00e9titivit\u00e9 de ces produits d\u00e9pend de leur qualit\u00e9 sup\u00e9rieure et de leur prix par rapport au march\u00e9 international.\n\n\n\n<\/p><\/div><\/div>\t\t\t\t<\/div>\n\t\t\t\t<\/div>\n\t\t<div class=\"elementor-element elementor-element-114ff8bc e-con-full e-flex e-con e-child\" data-id=\"114ff8bc\" data-element_type=\"container\" data-e-type=\"container\">\n\t\t\t\t<div class=\"elementor-element elementor-element-77bbcd3f elementor-widget elementor-widget-heading\" data-id=\"77bbcd3f\" data-element_type=\"widget\" data-e-type=\"widget\" data-widget_type=\"heading.default\">\n\t\t\t\t\t<h3 class=\"elementor-heading-title elementor-size-default\">ROADMAP<\/h3>\t\t\t\t<\/div>\n\t\t\t\t<div class=\"elementor-element elementor-element-748ab6ac elementor-position-top elementor-widget elementor-widget-image-box\" data-id=\"748ab6ac\" data-element_type=\"widget\" data-e-type=\"widget\" data-widget_type=\"image-box.default\">\n\t\t\t\t\t<div class=\"elementor-image-box-wrapper\"><figure class=\"elementor-image-box-img\"><img decoding=\"async\" width=\"300\" height=\"168\" src=\"https:\/\/greeninternationalbusiness.dz\/wp-content\/uploads\/2023\/09\/telechargement-2.jpeg\" class=\"attachment-medium size-medium wp-image-274\" alt=\"\" \/><\/figure><div class=\"elementor-image-box-content\"><h3 class=\"elementor-image-box-title\">plan de travaille <\/h3><p class=\"elementor-image-box-description\"><br>Nous assurons la gestion compl\u00e8te de la cha\u00eene d'approvisionnement, incluant la gestion des commandes, la logistique, le transport et les formalit\u00e9s douani\u00e8res. Avec notre bureau de commissionnaire en douanes et de transport op\u00e9rant depuis plus de 10 ans, nous pouvons garantir une livraison fluide et ponctuelle de vos produits, que ce soit en petites ou grandes&nbsp;quantit\u00e9s.<\/p><\/div><\/div>\t\t\t\t<\/div>\n\t\t\t\t<\/div>\n\t\t\t\t<\/div>\n\t\t\t\t\t<\/div>\n\t\t\t\t<\/div>\n\t\t\t\t<\/div>\n\t\t","protected":false},"excerpt":{"rendered":"<p>GREEN INTERNATIONAL BUSINESS 1. Acc\u00e8s aux Produits Alg\u00e9riens de Qualit\u00e9 Green International Business est fier de repr\u00e9senter une s\u00e9lection diversifi\u00e9e de produits alg\u00e9riens de haute qualit\u00e9 couvrant diff\u00e9rents secteurs. Que vous soyez \u00e0 la recherche de produits alimentaires, de textiles, de produits chimiques ou d&rsquo;autres cat\u00e9gories, nous avons une gamme de produits authentiques et comp\u00e9titifs [&hellip;]<\/p>\n","protected":false},"author":1,"featured_media":0,"parent":0,"menu_order":0,"comment_status":"closed","ping_status":"closed","template":"","meta":{"saved_in_kubio":false,"footnotes":""},"class_list":["post-258","page","type-page","status-publish","hentry"],"kubio_ai_page_context":{"short_desc":"","purpose":"general"},"yoast_head":"<!-- This site is optimized with the Yoast SEO plugin v27.6 - https:\/\/yoast.com\/product\/yoast-seo-wordpress\/ -->\n<title>SERVICE -<\/title>\n<meta name=\"robots\" content=\"index, follow, max-snippet:-1, max-image-preview:large, max-video-preview:-1\" \/>\n<link rel=\"canonical\" href=\"https:\/\/greeninternationalbusiness.dz\/index.php\/service\/\" \/>\n<meta property=\"og:locale\" content=\"fr_FR\" \/>\n<meta property=\"og:type\" content=\"article\" \/>\n<meta property=\"og:title\" content=\"SERVICE -\" \/>\n<meta property=\"og:description\" content=\"GREEN INTERNATIONAL BUSINESS 1. Acc\u00e8s aux Produits Alg\u00e9riens de Qualit\u00e9 Green International Business est fier de repr\u00e9senter une s\u00e9lection diversifi\u00e9e de produits alg\u00e9riens de haute qualit\u00e9 couvrant diff\u00e9rents secteurs. Que vous soyez \u00e0 la recherche de produits alimentaires, de textiles, de produits chimiques ou d&rsquo;autres cat\u00e9gories, nous avons une gamme de produits authentiques et comp\u00e9titifs [&hellip;]\" \/>\n<meta property=\"og:url\" content=\"https:\/\/greeninternationalbusiness.dz\/index.php\/service\/\" \/>\n<meta property=\"article:publisher\" content=\"https:\/\/www.facebook.com\/GIB23I?mibextid=ZbWKwL\" \/>\n<meta property=\"article:modified_time\" content=\"2023-09-22T10:13:05+00:00\" \/>\n<meta property=\"og:image\" content=\"https:\/\/greeninternationalbusiness.dz\/wp-content\/uploads\/2023\/09\/8-Societe-de-trading-offshore-1-300x224-1.jpg\" \/>\n<meta name=\"twitter:card\" content=\"summary_large_image\" \/>\n<meta name=\"twitter:label1\" content=\"Dur\u00e9e de lecture estim\u00e9e\" \/>\n\t<meta name=\"twitter:data1\" content=\"4 minutes\" \/>\n<script type=\"application\/ld+json\" class=\"yoast-schema-graph\">{\"@context\":\"https:\\\/\\\/schema.org\",\"@graph\":[{\"@type\":\"WebPage\",\"@id\":\"https:\\\/\\\/greeninternationalbusiness.dz\\\/index.php\\\/service\\\/\",\"url\":\"https:\\\/\\\/greeninternationalbusiness.dz\\\/index.php\\\/service\\\/\",\"name\":\"SERVICE -\",\"isPartOf\":{\"@id\":\"https:\\\/\\\/greeninternationalbusiness.dz\\\/#website\"},\"primaryImageOfPage\":{\"@id\":\"https:\\\/\\\/greeninternationalbusiness.dz\\\/index.php\\\/service\\\/#primaryimage\"},\"image\":{\"@id\":\"https:\\\/\\\/greeninternationalbusiness.dz\\\/index.php\\\/service\\\/#primaryimage\"},\"thumbnailUrl\":\"https:\\\/\\\/greeninternationalbusiness.dz\\\/wp-content\\\/uploads\\\/2023\\\/09\\\/8-Societe-de-trading-offshore-1-300x224-1.jpg\",\"datePublished\":\"2023-09-13T19:51:05+00:00\",\"dateModified\":\"2023-09-22T10:13:05+00:00\",\"breadcrumb\":{\"@id\":\"https:\\\/\\\/greeninternationalbusiness.dz\\\/index.php\\\/service\\\/#breadcrumb\"},\"inLanguage\":\"fr-FR\",\"potentialAction\":[{\"@type\":\"ReadAction\",\"target\":[\"https:\\\/\\\/greeninternationalbusiness.dz\\\/index.php\\\/service\\\/\"]}]},{\"@type\":\"ImageObject\",\"inLanguage\":\"fr-FR\",\"@id\":\"https:\\\/\\\/greeninternationalbusiness.dz\\\/index.php\\\/service\\\/#primaryimage\",\"url\":\"https:\\\/\\\/greeninternationalbusiness.dz\\\/wp-content\\\/uploads\\\/2023\\\/09\\\/8-Societe-de-trading-offshore-1-300x224-1.jpg\",\"contentUrl\":\"https:\\\/\\\/greeninternationalbusiness.dz\\\/wp-content\\\/uploads\\\/2023\\\/09\\\/8-Societe-de-trading-offshore-1-300x224-1.jpg\",\"width\":300,\"height\":224},{\"@type\":\"BreadcrumbList\",\"@id\":\"https:\\\/\\\/greeninternationalbusiness.dz\\\/index.php\\\/service\\\/#breadcrumb\",\"itemListElement\":[{\"@type\":\"ListItem\",\"position\":1,\"name\":\"Accueil\",\"item\":\"https:\\\/\\\/greeninternationalbusiness.dz\\\/\"},{\"@type\":\"ListItem\",\"position\":2,\"name\":\"SERVICE\"}]},{\"@type\":\"WebSite\",\"@id\":\"https:\\\/\\\/greeninternationalbusiness.dz\\\/#website\",\"url\":\"https:\\\/\\\/greeninternationalbusiness.dz\\\/\",\"name\":\"\",\"description\":\"\",\"potentialAction\":[{\"@type\":\"SearchAction\",\"target\":{\"@type\":\"EntryPoint\",\"urlTemplate\":\"https:\\\/\\\/greeninternationalbusiness.dz\\\/?s={search_term_string}\"},\"query-input\":{\"@type\":\"PropertyValueSpecification\",\"valueRequired\":true,\"valueName\":\"search_term_string\"}}],\"inLanguage\":\"fr-FR\"}]}<\/script>\n<!-- \/ Yoast SEO plugin. -->","yoast_head_json":{"title":"SERVICE -","robots":{"index":"index","follow":"follow","max-snippet":"max-snippet:-1","max-image-preview":"max-image-preview:large","max-video-preview":"max-video-preview:-1"},"canonical":"https:\/\/greeninternationalbusiness.dz\/index.php\/service\/","og_locale":"fr_FR","og_type":"article","og_title":"SERVICE -","og_description":"GREEN INTERNATIONAL BUSINESS 1. Acc\u00e8s aux Produits Alg\u00e9riens de Qualit\u00e9 Green International Business est fier de repr\u00e9senter une s\u00e9lection diversifi\u00e9e de produits alg\u00e9riens de haute qualit\u00e9 couvrant diff\u00e9rents secteurs. Que vous soyez \u00e0 la recherche de produits alimentaires, de textiles, de produits chimiques ou d&rsquo;autres cat\u00e9gories, nous avons une gamme de produits authentiques et comp\u00e9titifs [&hellip;]","og_url":"https:\/\/greeninternationalbusiness.dz\/index.php\/service\/","article_publisher":"https:\/\/www.facebook.com\/GIB23I?mibextid=ZbWKwL","article_modified_time":"2023-09-22T10:13:05+00:00","og_image":[{"url":"https:\/\/greeninternationalbusiness.dz\/wp-content\/uploads\/2023\/09\/8-Societe-de-trading-offshore-1-300x224-1.jpg","type":"","width":"","height":""}],"twitter_card":"summary_large_image","twitter_misc":{"Dur\u00e9e de lecture estim\u00e9e":"4 minutes"},"schema":{"@context":"https:\/\/schema.org","@graph":[{"@type":"WebPage","@id":"https:\/\/greeninternationalbusiness.dz\/index.php\/service\/","url":"https:\/\/greeninternationalbusiness.dz\/index.php\/service\/","name":"SERVICE -","isPartOf":{"@id":"https:\/\/greeninternationalbusiness.dz\/#website"},"primaryImageOfPage":{"@id":"https:\/\/greeninternationalbusiness.dz\/index.php\/service\/#primaryimage"},"image":{"@id":"https:\/\/greeninternationalbusiness.dz\/index.php\/service\/#primaryimage"},"thumbnailUrl":"https:\/\/greeninternationalbusiness.dz\/wp-content\/uploads\/2023\/09\/8-Societe-de-trading-offshore-1-300x224-1.jpg","datePublished":"2023-09-13T19:51:05+00:00","dateModified":"2023-09-22T10:13:05+00:00","breadcrumb":{"@id":"https:\/\/greeninternationalbusiness.dz\/index.php\/service\/#breadcrumb"},"inLanguage":"fr-FR","potentialAction":[{"@type":"ReadAction","target":["https:\/\/greeninternationalbusiness.dz\/index.php\/service\/"]}]},{"@type":"ImageObject","inLanguage":"fr-FR","@id":"https:\/\/greeninternationalbusiness.dz\/index.php\/service\/#primaryimage","url":"https:\/\/greeninternationalbusiness.dz\/wp-content\/uploads\/2023\/09\/8-Societe-de-trading-offshore-1-300x224-1.jpg","contentUrl":"https:\/\/greeninternationalbusiness.dz\/wp-content\/uploads\/2023\/09\/8-Societe-de-trading-offshore-1-300x224-1.jpg","width":300,"height":224},{"@type":"BreadcrumbList","@id":"https:\/\/greeninternationalbusiness.dz\/index.php\/service\/#breadcrumb","itemListElement":[{"@type":"ListItem","position":1,"name":"Accueil","item":"https:\/\/greeninternationalbusiness.dz\/"},{"@type":"ListItem","position":2,"name":"SERVICE"}]},{"@type":"WebSite","@id":"https:\/\/greeninternationalbusiness.dz\/#website","url":"https:\/\/greeninternationalbusiness.dz\/","name":"","description":"","potentialAction":[{"@type":"SearchAction","target":{"@type":"EntryPoint","urlTemplate":"https:\/\/greeninternationalbusiness.dz\/?s={search_term_string}"},"query-input":{"@type":"PropertyValueSpecification","valueRequired":true,"valueName":"search_term_string"}}],"inLanguage":"fr-FR"}]}},"jetpack_sharing_enabled":true,"_links":{"self":[{"href":"https:\/\/greeninternationalbusiness.dz\/index.php\/wp-json\/wp\/v2\/pages\/258","targetHints":{"allow":["GET"]}}],"collection":[{"href":"https:\/\/greeninternationalbusiness.dz\/index.php\/wp-json\/wp\/v2\/pages"}],"about":[{"href":"https:\/\/greeninternationalbusiness.dz\/index.php\/wp-json\/wp\/v2\/types\/page"}],"author":[{"embeddable":true,"href":"https:\/\/greeninternationalbusiness.dz\/index.php\/wp-json\/wp\/v2\/users\/1"}],"replies":[{"embeddable":true,"href":"https:\/\/greeninternationalbusiness.dz\/index.php\/wp-json\/wp\/v2\/comments?post=258"}],"version-history":[{"count":10,"href":"https:\/\/greeninternationalbusiness.dz\/index.php\/wp-json\/wp\/v2\/pages\/258\/revisions"}],"predecessor-version":[{"id":317,"href":"https:\/\/greeninternationalbusiness.dz\/index.php\/wp-json\/wp\/v2\/pages\/258\/revisions\/317"}],"wp:attachment":[{"href":"https:\/\/greeninternationalbusiness.dz\/index.php\/wp-json\/wp\/v2\/media?parent=258"}],"curies":[{"name":"wp","href":"https:\/\/api.w.org\/{rel}","templated":true}]}}